on factor of 222 and 413586?
222
Calculate the greatest common factor of 483 and 10741.
23
Calculate the greatest common factor of 53 and 472.
1
Calculate the highest common divisor of 1230 and 1233075.
615
What is the greatest common factor of 11359 and 851?
37
Calculate the highest common factor of 64616 and 59888.
1576
Calculate the greatest common divisor of 149778 and 29202.
942
Calculate the highest common divisor of 794680 and 40.
40
Calculate the highest common divisor of 560 and 323310.
10
Calculate the highest common divisor of 9683 and 181451.
421
What is the highest common factor of 302 and 2969717?
151
Calculate the highest common divisor of 22246 and 5448.
454
Calculate the greatest common factor of 159 and 408.
3
Calculate the greatest common divisor of 1974660 and 300.
60
What is the highest common divisor of 21714 and 5874?
66
Calculate the greatest common factor of 293074 and 403.
31
Calculate the greatest common divisor of 13100778 and 1278.
1278
Calculate the greatest common divisor of 594 and 458634.
66
What is the highest common factor of 301 and 33138?
7
Calculate the greatest common factor of 120 and 17685.
15
What is the greatest common factor of 1636 and 18814?
818
What is the highest common divisor of 16 and 9868?
4
Calculate the greatest common divisor of 16709 and 302918.
539
Calculate the highest common divisor of 16845 and 3615.
15
Calculate the highest common factor of 3431 and 7373.
73
Calculate the greatest common divisor of 11 and 135773.
11
What is the highest common factor of 654696 and 21?
21
What is the greatest common divisor of 1104 and 6210?
138
What is the highest common factor of 20155 and 4408?
29
What is the highest common divisor of 15 and 54105?
15
Calculate the highest common divisor of 168245 and 6440.
805
What is the greatest common divisor of 256 and 6416?
16
What is the highest common factor of 52712 and 2376?
88
What is the highest common factor of 26 and 76336?
26
Calculate the highest common factor of 56 and 4773272.
56
What is the highest common factor of 4307 and 118?
59
Calculate the highest common divisor of 86424 and 2574.
78
Calculate the greatest common factor of 660 and 12288.
12
Calculate the greatest common factor of 1620 and 129.
3
Calculate the greatest common factor of 241810 and 10.
10
Calculate the greatest common divisor of 52552 and 664.
8
What is the highest common factor of 1282311 and 729?
729
Calculate the highest common factor of 1063845 and 540.
45
Calculate the greatest common divisor of 1380 and 7636.
92
What is the greatest common divisor of 2627 and 355?
71
What is the greatest common divisor of 49926 and 3975?
159
What is the highest common divisor of 13072 and 10032?
304
Calculate the highest common divisor of 11 and 977504.
11
Calculate the greatest common divisor of 330 and 313203.
33
Calculate the greatest common factor of 126 and 139398.
42
What is the greatest common factor of 45562 and 41638?
218
What is the greatest common divisor of 227253 and 39?
39
What is the highest common factor of 11907130 and 86?
86
Calculate the highest common divisor of 430 and 119755.
215
Calculate the greatest common factor of 51 and 130305.
51
What is the highest common divisor of 7155 and 135?
135
Calculate the highest common divisor of 158 and 294038.
158
What is the greatest common factor of 380 and 8018?
38
Calculate the greatest common divisor of 387 and 639.
9
Calculate the highest common factor of 3860 and 3380.
20
Calculate the greatest common divisor of 88500 and 6.
6
What is the greatest common divisor of 28244 and 598?
46
What is the greatest common divisor of 712 and 136?
8
What is the highest common factor of 288 and 12108?
12
Calculate the greatest common factor of 1100658 and 822.
822
What is the greatest common divisor of 576 and 587584?
64
What is the greatest common factor of 47382 and 636?
318
Calculate the greatest common divisor of 99 and 3971.
11
What is the greatest common divisor of 16 and 9603?
1
What is the greatest common factor of 18 and 15489?
9
Calculate the highest common factor of 12702 and 174.
174
Calculate the greatest common factor of 119664 and 40996.
1108
Calculate the greatest common divisor of 273312 and 13578.
438
What is the greatest common divisor of 1 and 7753?
1
Calculate the greatest common divisor of 1029 and 12663.
21
What is the highest common factor of 229503 and 3616?
113
Calculate the greatest common factor of 56440 and 27880.
680
What is the highest common factor of 2951 and 681?
227
Calculate the greatest common divisor of 80 and 468540.
20
What is the highest common factor of 455 and 25550?
35
What is the highest common divisor of 26 and 159237?
13
Calculate the greatest common divisor of 817 and 209.
19
What is the greatest common divisor of 130 and 59770?
10
Calculate the highest common divisor of 1007 and 12407.
19
Calculate the greatest common factor of 510 and 39695.
85
What is the greatest common factor of 366 and 472872?
366
Calculate the greatest common factor of 5598 and 282077.
311
Calculate the highest common factor of 1598 and 1292.
34
Calculate the highest common divisor of 7319802 and 42.
42
Calculate the highest common factor of 1716 and 1540.
44
Calculate the greatest common factor of 149 and 4321.
149
Calculate the highest common factor of 5195604 and 516.
516
What is the highest common divisor of 27417 and 209?
19
What is the highest common factor of 813517 and 43?
43
Calculate the greatest common divisor of 242 and 1888447.
121
What is the highest common factor of 493000 and 68?
68
Calculate the highest common divisor of 825 and 20550.
75
Calculate the highest common divisor of 243 and 1118.
1
What is the highest common divisor of 3553 and 361?
19
What is the highest common divisor of 3325 and 57475?
475
What is the highest common factor of 187 and 35717?
187
Calculate the greatest common factor of 635435 and 3340.
835
What is the highest common factor of 2607538 and 74?
74
What is the highest common divisor of 3382848 and 576?
576
What is the greatest common divisor of 391 and 19159?
391
Calculate the greatest common factor of 6396 and 16851.
123
Calculate the highest common divisor of 300906 and 5256.
1314
Calculate the highest common factor of 38448 and 32.
16
Calculate the highest common factor of 84 and 39336.
12
Calculate the highest common factor of 1029 and 69.
3
Calculate the greatest common factor of 2880 and 1096416.
288
Calculate the greatest common factor of 13221 and 91.
13
Calculate the highest common factor of 545380 and 220.
220
Calculate the greatest common divisor of 500 and 131125.
125
What is the highest common divisor of 202 and 14259786?
202
What is the greatest common factor of 540594 and 7455?
213
Calculate the greatest common factor of 1494615 and 1110.
555
What is the greatest common divisor of 29 and 123917?
29
What is the greatest common divisor of 4656 and 128?
16
What is the highest common factor of 15478 and 1562?
142
Calculate the highest common divisor of 190 and 19342.
38
What is the greatest common factor of 18 and 56142?
18
Calculate the greatest common factor of 170 and 10910.
10
Calculate the greatest common factor of 462295 and 5.
5
Calculate the highest common factor of 4116 and 1708.
28
What is the greatest common divisor of 1044 and 1280?
4
Calculate the highest common factor of 37640 and 1200.
40
What is the highest common factor of 656810 and 9240?
770
What is the greatest common divisor of 1054 and 49724?
62
Calculate the greatest common factor of 622 and 618579.
311
What is the highest common factor of 9 and 989271?
9
Calculate the highest common divisor of 948 and 12564.
12
Calculate the greatest common factor of 194100 and 108.
12
What is the greatest common divisor of 5763 and 3594191?
1921
What is the highest common factor of 21243 and 657?
219
What is the highest common factor of 157 and 15072?
157
What is the highest common factor of 12 and 527352?
12
Calculate the greatest common factor of 101420 and 30.
10
What is the greatest common divisor of 161829 and 9?
9
Calculate the greatest common divisor of 176868 and 714.
102
Calculate the greatest common divisor of 5911 and 20046.
257
What is the greatest common factor of 66 and 2629?
11
Calculate